 are the prime factors of 649?
11, 59
What are the prime factors of 1825?
5, 73
List the prime factors of 1204.
2, 7, 43
What are the prime factors of 18101?
23, 787
List the prime factors of 4704.
2, 3, 7
List the prime factors of 5363.
31, 173
List the prime factors of 13529.
83, 163
List the prime factors of 119260.
2, 5, 67, 89
List the prime factors of 12781.
12781
What are the prime factors of 2181?
3, 727
List the prime factors of 70603.
13, 5431
List the prime factors of 2244.
2, 3, 11, 17
List the prime factors of 248.
2, 31
List the prime factors of 5424.
2, 3, 113
List the prime factors of 518.
2, 7, 37
What are the prime factors of 45725?
5, 31, 59
What are the prime factors of 1848?
2, 3, 7, 11
List the prime factors of 4376.
2, 547
List the prime factors of 1583.
1583
List the prime factors of 48160.
2, 5, 7, 43
List the prime factors of 26952.
2, 3, 1123
List the prime factors of 11744.
2, 367
List the prime factors of 3597.
3, 11, 109
What are the prime factors of 4760?
2, 5, 7, 17
List the prime factors of 10556.
2, 7, 13, 29
What are the prime factors of 474?
2, 3, 79
List the prime factors of 85902.
2, 3, 103, 139
List the prime factors of 1992.
2, 3, 83
What are the prime factors of 2021?
43, 47
List the prime factors of 5520.
2, 3, 5, 23
What are the prime factors of 25590?
2, 3, 5, 853
What are the prime factors of 3250?
2, 5, 13
What are the prime factors of 4170?
2, 3, 5, 139
What are the prime factors of 524?
2, 131
List the prime factors of 2452.
2, 613
List the prime factors of 19735.
5, 3947
List the prime factors of 63541.
63541
List the prime factors of 19018.
2, 37, 257
List the prime factors of 8166.
2, 3, 1361
List the prime factors of 6765.
3, 5, 11, 41
List the prime factors of 331.
331
List the prime factors of 676.
2, 13
List the prime factors of 21315.
3, 5, 7, 29
List the prime factors of 12757.
12757
List the prime factors of 9137.
9137
List the prime factors of 78444.
2, 3, 2179
List the prime factors of 2806.
2, 23, 61
What are the prime factors of 152?
2, 19
What are the prime factors of 42537?
3, 11, 1289
List the prime factors of 2070.
2, 3, 5, 23
List the prime factors of 3564.
2, 3, 11
What are the prime factors of 5967?
3, 13, 17
List the prime factors of 3524.
2, 881
List the prime factors of 859.
859
List the prime factors of 919.
919
What are the prime factors of 1607?
1607
What are the prime factors of 11958?
2, 3, 1993
What are the prime factors of 18595?
5, 3719
What are the prime factors of 1143?
3, 127
List the prime factors of 2293.
2293
List the prime factors of 1468.
2, 367
What are the prime factors of 10938?
2, 3, 1823
List the prime factors of 11534.
2, 73, 79
List the prime factors of 4279.
11, 389
List the prime factors of 83.
83
List the prime factors of 13408.
2, 419
What are the prime factors of 427?
7, 61
List the prime factors of 53720.
2, 5, 17, 79
List the prime factors of 12767.
17, 751
What are the prime factors of 16234?
2, 8117
What are the prime factors of 13762?
2, 7, 983
List the prime factors of 21838.
2, 61, 179
List the prime factors of 134.
2, 67
What are the prime factors of 688?
2, 43
What are the prime factors of 2516?
2, 17, 37
What are the prime factors of 56818?
2, 28409
List the prime factors of 38158.
2, 19079
List the prime factors of 26282.
2, 17, 773
List the prime factors of 1202.
2, 601
What are the prime factors of 3367?
7, 13, 37
List the prime factors of 87.
3, 29
What are the prime factors of 797?
797
List the prime factors of 188.
2, 47
List the prime factors of 37717.
37717
List the prime factors of 1313.
13, 101
List the prime factors of 8094.
2, 3, 19, 71
What are the prime factors of 5221?
23, 227
List the prime factors of 35431.
11, 3221
List the prime factors of 15858.
2, 3, 881
What are the prime factors of 2320?
2, 5, 29
List the prime factors of 965.
5, 193
What are the prime factors of 11049?
3, 29, 127
List the prime factors of 2715.
3, 5, 181
List the prime factors of 8354.
2, 4177
What are the prime factors of 1768?
2, 13, 17
List the prime factors of 10635.
3, 5, 709
List the prime factors of 23337.
3, 2593
List the prime factors of 48104.
2, 7, 859
What are the prime factors of 2051?
7, 293
What are the prime factors of 15664?
2, 11, 89
List the prime factors of 1261.
13, 97
What are the prime factors of 4297?
4297
What are the prime factors of 9398?
2, 37, 127
What are the prime factors of 9121?
7, 1303
List the prime factors of 850.
2, 5, 17
List the prime factors of 1205.
5, 241
What are the prime factors of 23736?
2, 3, 23, 43
What are the prime factors of 26528?
2, 829
List the prime factors of 114987.
3, 38329
What are the prime factors of 9963?
3, 41
What are the prime factors of 90037?
179, 503
List the prime factors of 190119.
3, 127, 499
List the prime factors of 25716.
2, 3, 2143
What are the prime factors of 4205?
5, 29
What are the prime factors of 1059?
3, 353
List the prime factors of 985.
5, 197
List the prime factors of 99778.
2, 7, 7127
What are the prime factors of 61?
61
What are the prime factors of 25272?
2, 3, 13
List the prime factors of 89852.
2, 7, 3209
List the prime factors of 30.
2, 3, 5
List the prime factors of 7611.
3, 43, 59
List the prime factors of 45504.
2, 3, 79
What are the prime factors of 4510?
2, 5, 11, 41
List the prime factors of 877.
877
What are the prime factors of 32861?
17, 1933
List the prime factors of 7115.
5, 1423
List the prime factors of 84944.
2, 5309
List the prime factors of 2645.
5, 23
List the prime factors of 284.
2, 71
What are the prime factors of 31027?
19, 23, 71
List the prime factors of 33270.
2, 3, 5, 1109
List the prime factors of 14217.
3, 7, 677
List the prime factors of 4186.
2, 7, 13, 23
What are the prime factors of 64134?
2, 3, 7, 509
What are the prime factors of 9881?
41, 241
List the prime factors of 6356.
2, 7, 227
What are the prime factors of 35738?
2, 107, 167
What are the prime factors of 10290?
2, 3, 5, 7
What are the prime factors of 16084?
2, 4021
List the prime factors of 2009.
7, 41
What are the prime factors of 1429?
1429
List the prime factors of 1164.
2, 3, 97
List the prime factors of 16411.
16411
What are the prime factors of 4572?
2, 3, 127
What are the prime factors of 6867?
3, 7, 109
List the prime factors of 38605.
5, 7, 1103
List the prime factors of 245.
5, 7
List the prime factors of 8751.
3, 2917
What are the prime factors of 11809?
7, 241
What are the prime factors of 39924?
2, 3, 1109
List the prime factors of 11263.
7, 1609
List the prime factors of 596.
2, 149
What are the prime factors of 3153?
3, 1051
What are the prime factors of 2224?
2, 139
What are the prime factors of 61094?
2, 11, 2777
What are the prime factors of 48505?
5, 89, 109
List the prime factors of 378.
2, 3, 7
List the prime factors of 8851.
53, 167
What are the prime factors of 142019?
142019
What are the prime factors of 5355?
3, 5, 7, 17
What are the prime factors of 4320?
2, 3, 5
List the prime factors of 87665.
5, 89, 197
What are the prime factors of 5394?
2, 3, 29, 31
What are the prime factors of 836?
2, 11, 19
List the prime factors of 5101.
5101
List the prime factors of 130281.
3, 43427
What are the prime factors of 2040?
2, 3, 5, 17
What are the prime factors of 27980?
2, 5, 1399
What are the prime factors of 9483?
3, 29, 109
What are the prime factors of 23685?
3, 5, 1579
List the prime factors of 9309.
3, 29, 107
List the prime factors of 127602.
2, 3, 17, 139
What are the prime factors of 9868?
2, 2467
List the prime factors of 58019.
13, 4463
What are the prime factors of 37589?
37589
What are the prime factors of 2335?
5, 467
List the prime factors of 62961.
3, 31, 677
List the prime factors of 827.
827
What are the prime factors of 4714?
2, 2357
List the prime factors of 14239.
29, 491
What are the prime factors of 18376?
2, 2297
What are the prime factors of 1458?
2, 3
What are the prime factors of 5812?
2, 1453
What are the prime factors of 5856?
2, 3, 61
List the prime factors of 2376.
2, 3, 11
What are the prime factors of 5683?
5683
List the prime factors of 32488.
2, 31, 131
List the prime factors of 36486.
2, 3, 2027
What are the prime factors of 30675?
3, 5, 409
List the prime factors of 8663.
8663
List the prime factors of 2941.